{"id":6696,"date":"2022-10-10T19:05:21","date_gmt":"2022-10-10T17:05:21","guid":{"rendered":"https:\/\/tumaini-ev.de\/?page_id=6696"},"modified":"2026-02-06T12:20:06","modified_gmt":"2026-02-06T11:20:06","slug":"jobs","status":"publish","type":"page","link":"https:\/\/tumaini-ev.de\/?page_id=6696","title":{"rendered":"Jobs"},"content":{"rendered":"\t\t<div data-elementor-type=\"wp-page\" data-elementor-id=\"6696\" class=\"elementor elementor-6696\" data-elementor-post-type=\"page\">\n\t\t\t\t\t\t<section class=\"elementor-section elementor-top-section elementor-element elementor-element-57962d2 elementor-section-boxed elementor-section-height-default elementor-section-height-default\" data-id=\"57962d2\" data-element_type=\"section\" data-e-type=\"section\">\n\t\t\t\t\t\t<div class=\"elementor-container elementor-column-gap-default\">\n\t\t\t\t\t<div class=\"elementor-column elementor-col-100 elementor-top-column elementor-element elementor-element-fe9a12d\" data-id=\"fe9a12d\" data-element_type=\"column\" data-e-type=\"column\">\n\t\t\t<div class=\"elementor-widget-wrap elementor-element-populated\">\n\t\t\t\t\t\t<div class=\"elementor-element elementor-element-a897c55 elementor-widget elementor-widget-heading\" data-id=\"a897c55\" data-element_type=\"widget\" data-e-type=\"widget\" data-widget_type=\"heading.default\">\n\t\t\t\t<div class=\"elementor-widget-container\">\n\t\t\t\t\t<h2 class=\"elementor-heading-title elementor-size-default\">Aktuelle Stellenausschreibungen:<\/h2>\t\t\t\t<\/div>\n\t\t\t\t<\/div>\n\t\t\t\t<div class=\"elementor-element elementor-element-5247434 elementor-widget elementor-widget-spacer\" data-id=\"5247434\" data-element_type=\"widget\" data-e-type=\"widget\" data-widget_type=\"spacer.default\">\n\t\t\t\t<div class=\"elementor-widget-container\">\n\t\t\t\t\t\t\t<div class=\"elementor-spacer\">\n\t\t\t<div class=\"elementor-spacer-inner\"><\/div>\n\t\t<\/div>\n\t\t\t\t\t\t<\/div>\n\t\t\t\t<\/div>\n\t\t\t\t<div class=\"elementor-element elementor-element-3667fda elementor-widget elementor-widget-text-editor\" data-id=\"3667fda\" data-element_type=\"widget\" data-e-type=\"widget\" data-widget_type=\"text-editor.default\">\n\t\t\t\t<div class=\"elementor-widget-container\">\n\t\t\t\t\t\t\t\t\t<div><div data-elementor-type=\"wp-page\" data-elementor-id=\"689\"><div><div><section data-id=\"20b15483\" data-element_type=\"section\"><div><div><div data-id=\"13d2b07f\" data-element_type=\"column\"><div><div><h5><span style=\"color: #000000;\"><strong>Werde Teil unseres Teams! Sozialp\u00e4dagogIn (m\/w\/d) im Bereich Sozialp\u00e4dagogische Familienhilfe gesucht!<\/strong><\/span><\/h5><div data-id=\"71bcf1f\" data-element_type=\"widget\" data-widget_type=\"text-editor.default\"><div><div><p><style>@font-face<br \/>\n\t{font-family:\"Cambria Math\";<br \/>\n\tpanose-1:2 4 5 3 5 4 6 3 2 4;<br \/>\n\tmso-font-charset:0;<br \/>\n\tmso-generic-font-family:roman;<br \/>\n\tmso-font-pitch:variable;<br \/>\n\tmso-font-signature:3 0 0 0 1 0;}@font-face<br \/>\n\t{font-family:Calibri;<br \/>\n\tpanose-1:2 15 5 2 2 2 4 3 2 4;<br \/>\n\tmso-font-charset:0;<br \/>\n\tmso-generic-font-family:swiss;<br \/>\n\tmso-font-pitch:variable;<br \/>\n\tmso-font-signature:-536859905 -1073732485 9 0 511 0;}p.MsoNormal, li.MsoNormal, div.MsoNormal<br \/>\n\t{mso-style-unhide:no;<br \/>\n\tmso-style-qformat:yes;<br \/>\n\tmso-style-parent:\"\";<br \/>\n\tmargin-top:0cm;<br \/>\n\tmargin-right:0cm;<br \/>\n\tmargin-bottom:8.0pt;<br \/>\n\tmargin-left:0cm;<br \/>\n\tline-height:107%;<br \/>\n\tmso-pagination:widow-orphan;<br \/>\n\tfont-size:11.0pt;<br \/>\n\tfont-family:\"Calibri\",sans-serif;<br \/>\n\tmso-ascii-font-family:Calibri;<br \/>\n\tmso-ascii-theme-font:minor-latin;<br \/>\n\tmso-fareast-font-family:Calibri;<br \/>\n\tmso-fareast-theme-font:minor-latin;<br \/>\n\tmso-hansi-font-family:Calibri;<br \/>\n\tmso-hansi-theme-font:minor-latin;<br \/>\n\tmso-bidi-font-family:\"Times New Roman\";<br \/>\n\tmso-bidi-theme-font:minor-bidi;<br \/>\n\tmso-fareast-language:EN-US;}.MsoChpDefault<br \/>\n\t{mso-style-type:export-only;<br \/>\n\tmso-default-props:yes;<br \/>\n\tfont-size:11.0pt;<br \/>\n\tmso-ansi-font-size:11.0pt;<br \/>\n\tmso-bidi-font-size:11.0pt;<br \/>\n\tfont-family:\"Calibri\",sans-serif;<br \/>\n\tmso-ascii-font-family:Calibri;<br \/>\n\tmso-ascii-theme-font:minor-latin;<br \/>\n\tmso-fareast-font-family:Calibri;<br \/>\n\tmso-fareast-theme-font:minor-latin;<br \/>\n\tmso-hansi-font-family:Calibri;<br \/>\n\tmso-hansi-theme-font:minor-latin;<br \/>\n\tmso-bidi-font-family:\"Times New Roman\";<br \/>\n\tmso-bidi-theme-font:minor-bidi;<br \/>\n\tmso-fareast-language:EN-US;}.MsoPapDefault<br \/>\n\t{mso-style-type:export-only;<br \/>\n\tmargin-bottom:8.0pt;<br \/>\n\tline-height:107%;}div.WordSection1<br \/>\n\t{page:WordSection1;}<\/style><\/p><p>Die Tumaini gGmbH ist nicht nur ein Arbeitgeber \u2013 wir sind ein Ort, an dem Familien in ihren individuellen Lebensphasen unterst\u00fctzt werden. Mit unseren Angeboten in der\u00a0 ozialp\u00e4dagogischen Familienhilfe, dem Erziehungsbeistand, der Eingliederungshilfe und der Heilerziehungspflege setzen wir auf partizipative Prozesse, die das Leben unserer Klienten bereichern.<\/p><p>Was Dich erwartet? Ein mitarbeiterorientiertes und wertsch\u00e4tzendes Umfeld, in dem Du Deine Ideen einbringen kannst! Wir suchen eine engagierte Pers\u00f6nlichkeit, die ein p\u00e4dagogisches Studium oder eine vergleichbare Qualifikation mitbringt. Bei uns sind Wertsch\u00e4tzung, selbstbestimmtes Arbeiten, Kreativit\u00e4t und Freude an der Arbeit mit Familien keine leeren Worte \u2013 sie sind unsere Arbeitseinstellung!<\/p><h6><strong>Deine Aufgaben<\/strong>:<\/h6><ul><li style=\"list-style-type: none;\"><ul><li>Du arbeitest im Aufgabenbereich der sozialp\u00e4dagogischen Familienhilfe<\/li><li>Du unterst\u00fctzt Familien bei der selbstst\u00e4ndigen Bew\u00e4ltigung von Erziehungsaufgaben und Alltagsproblemen sowie der L\u00f6sung von Konflikten und Krisensituationen.<\/li><li>Du nutzt dabei systemisch-integrative Methoden<\/li><li>Du unterst\u00fctzt Kinder und Jugendliche bei der Bew\u00e4ltigung von Entwicklungsproblemen unter Einbeziehung des sozialen Umfeldes.<\/li><li>Du unterst\u00fctzt die Familien bei der Kontaktaufnahme mit \u00c4mtern und anderen Institutionen.<\/li><\/ul><\/li><\/ul><h6><strong>Dein Profil<\/strong>:<\/h6><ul><li style=\"list-style-type: none;\"><ul><li>Abgeschlossenes Studium als Sozialp\u00e4dagogIn oder vergleichbare Qualifikation<\/li><li>Erfahrung im Bereich Hilfen zur Erziehung (SGB VIII)<\/li><li>Freude an der Arbeit mit belasteten Kindern, Jugendlichen und Familien<\/li><li>Ausgepr\u00e4gte F\u00fchrungsqualit\u00e4ten sowie Teamgeist und ausgepr\u00e4gte Kommunikationsf\u00e4higkeiten<\/li><li>Reflexionsf\u00e4higkeit und Lust auf pers\u00f6nliche Weiterentwicklung<\/li><li>Sensibilit\u00e4t im Umgang mit emotional herausfordernden Situationen<\/li><li>Eigenverantwortliche Arbeitsweise<\/li><\/ul><\/li><\/ul><p>Wir wollen Diversit\u00e4t in unserer KollegInnenschaft weiterhin f\u00f6rdern und laden daher besonders BIPOC, LGBTQI+, Menschen mit Behinderung, Migrantinnen sowie Menschen \u00fcber 40 Jahren ein, sich bei uns zu bewerben.<\/p><h6><strong>Das bieten wir Dir<\/strong>:<\/h6><ul><li style=\"list-style-type: none;\"><ul><li>Einen spannenden Arbeitsplatz in Hamburg in einem freundlichen, transkulturellen Team<\/li><li>Faire Bezahlung nach dem Tarifvertrag TVL-S<\/li><li>Jahressonderzahlung und 30 Tage Urlaub + 3 zus\u00e4tzliche Urlaubstage (24.12., 31.12.) sowie Sonderurlaub zum Geburtstag<\/li><li>Fahrkostenpauschale von 90 \u20ac brutto<\/li><li>Firmeninternes Yoga-Angebot f\u00fcr Deine physische und psychische Gesundheit (u.a. auch Einzelsupervision und Zuschuss von externen Sportangeboten)<\/li><li>Umfangreiche Fortbildungsangebote sowie Fachberatung\/Supervision<\/li><li>Flexibles Arbeiten: Homeoffice-M\u00f6glichkeiten und freie Dienstzeiteinteilung<\/li><li>Bereitstellung eines Arbeitshandys und Arbeitslaptops<\/li><li>Kostenloser Parkplatz<\/li><li>Arbeitszeiten von Montag bis Freitag<\/li><\/ul><\/li><\/ul><p><strong>Neugierig geworden?<\/strong><\/p><p>Dann schick uns Deine Bewerbung per E-Mail an: <a href=\"mailto:bewerbung@tumaini-ev.de\">bewerbung@tumaini-ev.de<\/a><\/p><p>Wir freuen uns \u00fcber Bewerbungen aller geeigneten Personen \u2013 unabh\u00e4ngig von ethnischer Herkunft, sexueller Identit\u00e4t, Religion, Hautfarbe oder Geschlecht.<\/p><p>Bei Fragen erreichst Du uns unter: +49 160 954 741 32.<\/p><p>Tumaini gGmbH<br \/>Eiffestr. 74<br \/>20537 Hamburg<br \/>www.tumaini-ev.de<\/p><\/div><\/div><\/div><\/div><\/div><\/div><\/div><\/div><\/section><\/div><\/div><\/div><\/div><p>\u00a0<\/p>\t\t\t\t\t\t\t\t<\/div>\n\t\t\t\t<\/div>\n\t\t\t\t\t<\/div>\n\t\t<\/div>\n\t\t\t\t\t<\/div>\n\t\t<\/section>\n\t\t\t\t<\/div>\n\t\t","protected":false},"excerpt":{"rendered":"<p>Aktuelle Stellenausschreibungen: Werde Teil unseres Teams! Sozialp\u00e4dagogIn (m\/w\/d) im Bereich Sozialp\u00e4dagogische Familienhilfe gesucht! Die Tumaini gGmbH ist nicht nur ein Arbeitgeber \u2013 wir sind ein Ort, an dem Familien in ihren individuellen Lebensphasen unterst\u00fctzt werden. Mit unseren Angeboten in der\u00a0 ozialp\u00e4dagogischen Familienhilfe, dem Erziehungsbeistand, der Eingliederungshilfe und der Heilerziehungspflege setzen wir auf partizipative Prozesse, die&hellip;<\/p>\n","protected":false},"author":1,"featured_media":0,"parent":6401,"menu_order":0,"comment_status":"closed","ping_status":"closed","template":"elementor_theme","meta":{"footnotes":""},"class_list":["post-6696","page","type-page","status-publish","hentry"],"_links":{"self":[{"href":"https:\/\/tumaini-ev.de\/index.php?rest_route=\/wp\/v2\/pages\/6696","targetHints":{"allow":["GET"]}}],"collection":[{"href":"https:\/\/tumaini-ev.de\/index.php?rest_route=\/wp\/v2\/pages"}],"about":[{"href":"https:\/\/tumaini-ev.de\/index.php?rest_route=\/wp\/v2\/types\/page"}],"author":[{"embeddable":true,"href":"https:\/\/tumaini-ev.de\/index.php?rest_route=\/wp\/v2\/users\/1"}],"replies":[{"embeddable":true,"href":"https:\/\/tumaini-ev.de\/index.php?rest_route=%2Fwp%2Fv2%2Fcomments&post=6696"}],"version-history":[{"count":106,"href":"https:\/\/tumaini-ev.de\/index.php?rest_route=\/wp\/v2\/pages\/6696\/revisions"}],"predecessor-version":[{"id":14356,"href":"https:\/\/tumaini-ev.de\/index.php?rest_route=\/wp\/v2\/pages\/6696\/revisions\/14356"}],"up":[{"embeddable":true,"href":"https:\/\/tumaini-ev.de\/index.php?rest_route=\/wp\/v2\/pages\/6401"}],"wp:attachment":[{"href":"https:\/\/tumaini-ev.de\/index.php?rest_route=%2Fwp%2Fv2%2Fmedia&parent=6696"}],"curies":[{"name":"wp","href":"https:\/\/api.w.org\/{rel}","templated":true}]}}

<div data-elementor-type="wp-page" data-elementor-id="6696" class="elementor elementor-6696" data-elementor-post-type="page">
						<section class="elementor-section elementor-top-section elementor-element elementor-element-57962d2 elementor-section-boxed elementor-section-height-default elementor-section-height-default" data-id="57962d2" data-element_type="section" data-e-type="section">
						<div class="elementor-container elementor-column-gap-default">
					<div class="elementor-column elementor-col-100 elementor-top-column elementor-element elementor-element-fe9a12d" data-id="fe9a12d" data-element_type="column" data-e-type="column">
			<div class="elementor-widget-wrap elementor-element-populated">
						<div class="elementor-element elementor-element-a897c55 elementor-widget elementor-widget-heading" data-id="a897c55" data-element_type="widget" data-e-type="widget" data-widget_type="heading.default">
				<div class="elementor-widget-container">
					<h2 class="elementor-heading-title elementor-size-default">Aktuelle Stellenausschreibungen:</h2>				</div>
				</div>
				<div class="elementor-element elementor-element-5247434 elementor-widget elementor-widget-spacer" data-id="5247434" data-element_type="widget" data-e-type="widget" data-widget_type="spacer.default">
				<div class="elementor-widget-container">
							<div class="elementor-spacer">
			<div class="elementor-spacer-inner"></div>
		</div>
						</div>
				</div>
				<div class="elementor-element elementor-element-3667fda elementor-widget elementor-widget-text-editor" data-id="3667fda" data-element_type="widget" data-e-type="widget" data-widget_type="text-editor.default">
				<div class="elementor-widget-container">
									<div><div data-elementor-type="wp-page" data-elementor-id="689"><div><div><section data-id="20b15483" data-element_type="section"><div><div><div data-id="13d2b07f" data-element_type="column"><div><div><h5><span style="color: #000000;"><strong>Werde Teil unseres Teams! SozialpädagogIn (m/w/d) im Bereich Sozialpädagogische Familienhilfe gesucht!</strong></span></h5><div data-id="71bcf1f" data-element_type="widget" data-widget_type="text-editor.default"><div><div><p><style>@font-face<br />
	{font-family:"Cambria Math";<br />
	panose-1:2 4 5 3 5 4 6 3 2 4;<br />
	mso-font-charset:0;<br />
	mso-generic-font-family:roman;<br />
	mso-font-pitch:variable;<br />
	mso-font-signature:3 0 0 0 1 0;}@font-face<br />
	{font-family:Calibri;<br />
	panose-1:2 15 5 2 2 2 4 3 2 4;<br />
	mso-font-charset:0;<br />
	mso-generic-font-family:swiss;<br />
	mso-font-pitch:variable;<br />
	mso-font-signature:-536859905 -1073732485 9 0 511 0;}p.MsoNormal, li.MsoNormal, div.MsoNormal<br />
	{mso-style-unhide:no;<br />
	mso-style-qformat:yes;<br />
	mso-style-parent:"";<br />
	margin-top:0cm;<br />
	margin-right:0cm;<br />
	margin-bottom:8.0pt;<br />
	margin-left:0cm;<br />
	line-height:107%;<br />
	mso-pagination:widow-orphan;<br />
	font-size:11.0pt;<br />
	font-family:"Calibri",sans-serif;<br />
	mso-ascii-font-family:Calibri;<br />
	mso-ascii-theme-font:minor-latin;<br />
	mso-fareast-font-family:Calibri;<br />
	mso-fareast-theme-font:minor-latin;<br />
	mso-hansi-font-family:Calibri;<br />
	mso-hansi-theme-font:minor-latin;<br />
	mso-bidi-font-family:"Times New Roman";<br />
	mso-bidi-theme-font:minor-bidi;<br />
	mso-fareast-language:EN-US;}.MsoChpDefault<br />
	{mso-style-type:export-only;<br />
	mso-default-props:yes;<br />
	font-size:11.0pt;<br />
	mso-ansi-font-size:11.0pt;<br />
	mso-bidi-font-size:11.0pt;<br />
	font-family:"Calibri",sans-serif;<br />
	mso-ascii-font-family:Calibri;<br />
	mso-ascii-theme-font:minor-latin;<br />
	mso-fareast-font-family:Calibri;<br />
	mso-fareast-theme-font:minor-latin;<br />
	mso-hansi-font-family:Calibri;<br />
	mso-hansi-theme-font:minor-latin;<br />
	mso-bidi-font-family:"Times New Roman";<br />
	mso-bidi-theme-font:minor-bidi;<br />
	mso-fareast-language:EN-US;}.MsoPapDefault<br />
	{mso-style-type:export-only;<br />
	margin-bottom:8.0pt;<br />
	line-height:107%;}div.WordSection1<br />
	{page:WordSection1;}</style></p><p>Die Tumaini gGmbH ist nicht nur ein Arbeitgeber – wir sind ein Ort, an dem Familien in ihren individuellen Lebensphasen unterstützt werden. Mit unseren Angeboten in der  ozialpädagogischen Familienhilfe, dem Erziehungsbeistand, der Eingliederungshilfe und der Heilerziehungspflege setzen wir auf partizipative Prozesse, die das Leben unserer Klienten bereichern.</p><p>Was Dich erwartet? Ein mitarbeiterorientiertes und wertschätzendes Umfeld, in dem Du Deine Ideen einbringen kannst! Wir suchen eine engagierte Persönlichkeit, die ein pädagogisches Studium oder eine vergleichbare Qualifikation mitbringt. Bei uns sind Wertschätzung, selbstbestimmtes Arbeiten, Kreativität und Freude an der Arbeit mit Familien keine leeren Worte – sie sind unsere Arbeitseinstellung!</p><h6><strong>Deine Aufgaben</strong>:</h6><ul><li style="list-style-type: none;"><ul><li>Du arbeitest im Aufgabenbereich der sozialpädagogischen Familienhilfe</li><li>Du unterstützt Familien bei der selbstständigen Bewältigung von Erziehungsaufgaben und Alltagsproblemen sowie der Lösung von Konflikten und Krisensituationen.</li><li>Du nutzt dabei systemisch-integrative Methoden</li><li>Du unterstützt Kinder und Jugendliche bei der Bewältigung von Entwicklungsproblemen unter Einbeziehung des sozialen Umfeldes.</li><li>Du unterstützt die Familien bei der Kontaktaufnahme mit Ämtern und anderen Institutionen.</li></ul></li></ul><h6><strong>Dein Profil</strong>:</h6><ul><li style="list-style-type: none;"><ul><li>Abgeschlossenes Studium als SozialpädagogIn oder vergleichbare Qualifikation</li><li>Erfahrung im Bereich Hilfen zur Erziehung (SGB VIII)</li><li>Freude an der Arbeit mit belasteten Kindern, Jugendlichen und Familien</li><li>Ausgeprägte Führungsqualitäten sowie Teamgeist und ausgeprägte Kommunikationsfähigkeiten</li><li>Reflexionsfähigkeit und Lust auf persönliche Weiterentwicklung</li><li>Sensibilität im Umgang mit emotional herausfordernden Situationen</li><li>Eigenverantwortliche Arbeitsweise</li></ul></li></ul><p>Wir wollen Diversität in unserer KollegInnenschaft weiterhin fördern und laden daher besonders BIPOC, LGBTQI+, Menschen mit Behinderung, Migrantinnen sowie Menschen über 40 Jahren ein, sich bei uns zu bewerben.</p><h6><strong>Das bieten wir Dir</strong>:</h6><ul><li style="list-style-type: none;"><ul><li>Einen spannenden Arbeitsplatz in Hamburg in einem freundlichen, transkulturellen Team</li><li>Faire Bezahlung nach dem Tarifvertrag TVL-S</li><li>Jahressonderzahlung und 30 Tage Urlaub + 3 zusätzliche Urlaubstage (24.12., 31.12.) sowie Sonderurlaub zum Geburtstag</li><li>Fahrkostenpauschale von 90 € brutto</li><li>Firmeninternes Yoga-Angebot für Deine physische und psychische Gesundheit (u.a. auch Einzelsupervision und Zuschuss von externen Sportangeboten)</li><li>Umfangreiche Fortbildungsangebote sowie Fachberatung/Supervision</li><li>Flexibles Arbeiten: Homeoffice-Möglichkeiten und freie Dienstzeiteinteilung</li><li>Bereitstellung eines Arbeitshandys und Arbeitslaptops</li><li>Kostenloser Parkplatz</li><li>Arbeitszeiten von Montag bis Freitag</li></ul></li></ul><p><strong>Neugierig geworden?</strong></p><p>Dann schick uns Deine Bewerbung per E-Mail an: <a href="mailto:bewerbung@tumaini-ev.de">bewerbung@tumaini-ev.de</a></p><p>Wir freuen uns über Bewerbungen aller geeigneten Personen – unabhängig von ethnischer Herkunft, sexueller Identität, Religion, Hautfarbe oder Geschlecht.</p><p>Bei Fragen erreichst Du uns unter: +49 160 954 741 32.</p><p>Tumaini gGmbH<br />Eiffestr. 74<br />20537 Hamburg<br />www.tumaini-ev.de</p></div></div></div></div></div></div></div></div></section></div></div></div></div><p> </p>								</div>
				</div>
					</div>
		</div>
					</div>
		</section>
				</div>

<p>Aktuelle Stellenausschreibungen: Werde Teil unseres Teams! SozialpädagogIn (m/w/d) im Bereich Sozialpädagogische Familienhilfe gesucht! Die Tumaini gGmbH ist nicht nur ein Arbeitgeber – wir sind ein Ort, an dem Familien in ihren individuellen Lebensphasen unterstützt werden. Mit unseren Angeboten in der  ozialpädagogischen Familienhilfe, dem Erziehungsbeistand, der Eingliederungshilfe und der Heilerziehungspflege setzen wir auf partizipative Prozesse, die&hellip;</p>
