{"id":13303,"date":"2024-05-08T18:07:41","date_gmt":"2024-05-08T16:07:41","guid":{"rendered":"https:\/\/tumaini-ev.de\/?page_id=13303"},"modified":"2025-01-24T10:53:30","modified_gmt":"2025-01-24T09:53:30","slug":"heilpaedagogik","status":"publish","type":"page","link":"https:\/\/tumaini-ev.de\/?page_id=13303","title":{"rendered":"Heilp\u00e4dagogik"},"content":{"rendered":"\t\t<div data-elementor-type=\"wp-page\" data-elementor-id=\"13303\" class=\"elementor elementor-13303\" data-elementor-post-type=\"page\">\n\t\t\t\t\t\t<section class=\"elementor-section elementor-top-section elementor-element elementor-element-c682467 the7-e-sticky-overlap-yes elementor-section-boxed elementor-section-height-default elementor-section-height-default\" data-id=\"c682467\" data-element_type=\"section\" data-e-type=\"section\" data-settings=\"{&quot;sticky&quot;:&quot;top&quot;,&quot;animation&quot;:&quot;none&quot;,&quot;the7_sticky_row_overlap&quot;:&quot;yes&quot;,&quot;sticky_on&quot;:[&quot;desktop&quot;,&quot;tablet_extra&quot;,&quot;tablet&quot;,&quot;mobile&quot;],&quot;sticky_offset&quot;:0,&quot;sticky_effects_offset&quot;:0,&quot;sticky_anchor_link_offset&quot;:0}\">\n\t\t\t\t\t\t<div class=\"elementor-container elementor-column-gap-default\">\n\t\t\t\t\t<div class=\"elementor-column elementor-col-100 elementor-top-column elementor-element elementor-element-8d23617\" data-id=\"8d23617\" data-element_type=\"column\" data-e-type=\"column\">\n\t\t\t<div class=\"elementor-widget-wrap elementor-element-populated\">\n\t\t\t\t\t\t\t<\/div>\n\t\t<\/div>\n\t\t\t\t\t<\/div>\n\t\t<\/section>\n\t\t\t\t<section class=\"elementor-section elementor-top-section elementor-element elementor-element-0c2e9f9 elementor-section-boxed elementor-section-height-default elementor-section-height-default\" data-id=\"0c2e9f9\" data-element_type=\"section\" data-e-type=\"section\">\n\t\t\t\t\t\t<div class=\"elementor-container elementor-column-gap-default\">\n\t\t\t\t\t<div class=\"elementor-column elementor-col-100 elementor-top-column elementor-element elementor-element-4d24ead\" data-id=\"4d24ead\" data-element_type=\"column\" data-e-type=\"column\">\n\t\t\t<div class=\"elementor-widget-wrap elementor-element-populated\">\n\t\t\t\t\t\t<div class=\"elementor-element elementor-element-138c9cb elementor-widget elementor-widget-heading\" data-id=\"138c9cb\" data-element_type=\"widget\" data-e-type=\"widget\" data-widget_type=\"heading.default\">\n\t\t\t\t<div class=\"elementor-widget-container\">\n\t\t\t\t\t<h2 class=\"elementor-heading-title elementor-size-xl\">HEILP\u00c4DAGOGIK<\/h2>\t\t\t\t<\/div>\n\t\t\t\t<\/div>\n\t\t\t\t<div class=\"elementor-element elementor-element-5e5d789 elementor-widget elementor-widget-text-editor\" data-id=\"5e5d789\" data-element_type=\"widget\" data-e-type=\"widget\" data-widget_type=\"text-editor.default\">\n\t\t\t\t<div class=\"elementor-widget-container\">\n\t\t\t\t\t\t\t\t\t<p>Tumaini gGmbH bietet heilp\u00e4dagogische Leistungen fu\u0308r Kinder an, die noch nicht eingeschult sind. Der Tr\u00e4ger hat in den vergangenen Jahren gro\u00dfes Vertrauen in Familien und bei Frauen erworben, die behinderte Kinder oder Kinder haben, die von einer Behinderung bedroht sind. Daru\u0308ber hinaus verfu\u0308gt der Tr\u00e4ger u\u0308ber fachlich ausgebildete Mitarbeiter innen und Mitarbeiter, die im Rahmen des vorhandenen Leistungsangebotes von Tumaini gGmbH zus\u00e4tzliche Erfahrungen in diesem Umfeld gesammelt haben.<\/p><p><span style=\"color: #008000;\"><strong>Ziele der Leistungen sind insbesondere<\/strong><\/span><br \/>\u2022 eine drohende oder bestehende Behinderung abzuwenden, zu beseitigen, zu vermindern oder ihre Verschlimmerung zu verhu\u0308ten,<br \/>\u2022 die Folgen einer Behinderung zu beseitigen oder zu mildern.<\/p><p><span style=\"color: #008000;\"><strong>Was ist unsere Leistung ?<\/strong><\/span><br \/>Im Rahmen einer stunden weisen heilp\u00e4dagogischen Leistung, werden durch unsere qualifizierten Mitarbeiterinnen und Mitarbeiter die Kinder in R\u00e4umen von Tumaini gGmbH unterstu\u0308tzt.<br \/>Es werden regelm\u00e4\u00dfige Termine statt finden. Die Zeiten der heilp\u00e4dagogischen Leistungen werden individuell mit den Familien abgestimmt und werden vor mittags und bei Bedarf auch am Nach mittag stattfinden.<br \/>Die heilp\u00e4dagogische F\u00f6rderung hat zum Inhalt, die Selbstst\u00e4ndigkeit und Alltags kompetenzen der Kinder zu f\u00f6rdern. Hierzu z\u00e4hlen u.a. spezielle Ma\u00dfnahmen der Sinnesschulung, F\u00f6rderung der sozial emotionalen F\u00e4higkeiten, Vorbereitung der Kinder auf die Aufnahme in eine Kindertageseinrichtung oder eine Schule, Anleitung der Bezugspersonen und Hilfe bei der Gestaltung des Alltags und Ver mittlung von weiteren Hilfs- und Beratungs angeboten.<\/p>\t\t\t\t\t\t\t\t<\/div>\n\t\t\t\t<\/div>\n\t\t\t\t<div class=\"elementor-element elementor-element-3fbccb5 elementor-widget elementor-widget-spacer\" data-id=\"3fbccb5\" data-element_type=\"widget\" data-e-type=\"widget\" data-widget_type=\"spacer.default\">\n\t\t\t\t<div class=\"elementor-widget-container\">\n\t\t\t\t\t\t\t<div class=\"elementor-spacer\">\n\t\t\t<div class=\"elementor-spacer-inner\"><\/div>\n\t\t<\/div>\n\t\t\t\t\t\t<\/div>\n\t\t\t\t<\/div>\n\t\t\t\t\t<\/div>\n\t\t<\/div>\n\t\t\t\t\t<\/div>\n\t\t<\/section>\n\t\t\t\t<section class=\"elementor-section elementor-top-section elementor-element elementor-element-0de3e86 elementor-section-boxed elementor-section-height-default elementor-section-height-default\" data-id=\"0de3e86\" data-element_type=\"section\" data-e-type=\"section\">\n\t\t\t\t\t\t<div class=\"elementor-container elementor-column-gap-default\">\n\t\t\t\t\t<div class=\"elementor-column elementor-col-100 elementor-top-column elementor-element elementor-element-9e7c644\" data-id=\"9e7c644\" data-element_type=\"column\" data-e-type=\"column\">\n\t\t\t<div class=\"elementor-widget-wrap elementor-element-populated\">\n\t\t\t\t\t\t<div class=\"elementor-element elementor-element-94d1118 elementor-widget elementor-widget-spacer\" data-id=\"94d1118\" data-element_type=\"widget\" data-e-type=\"widget\" data-widget_type=\"spacer.default\">\n\t\t\t\t<div class=\"elementor-widget-container\">\n\t\t\t\t\t\t\t<div class=\"elementor-spacer\">\n\t\t\t<div class=\"elementor-spacer-inner\"><\/div>\n\t\t<\/div>\n\t\t\t\t\t\t<\/div>\n\t\t\t\t<\/div>\n\t\t\t\t\t<\/div>\n\t\t<\/div>\n\t\t\t\t\t<\/div>\n\t\t<\/section>\n\t\t\t\t<section class=\"elementor-section elementor-top-section elementor-element elementor-element-1ed70ef elementor-section-boxed elementor-section-height-default elementor-section-height-default\" data-id=\"1ed70ef\" data-element_type=\"section\" data-e-type=\"section\">\n\t\t\t\t\t\t<div class=\"elementor-container elementor-column-gap-default\">\n\t\t\t\t\t<div class=\"elementor-column elementor-col-100 elementor-top-column elementor-element elementor-element-0f3c272\" data-id=\"0f3c272\" data-element_type=\"column\" data-e-type=\"column\">\n\t\t\t<div class=\"elementor-widget-wrap\">\n\t\t\t\t\t\t\t<\/div>\n\t\t<\/div>\n\t\t\t\t\t<\/div>\n\t\t<\/section>\n\t\t\t\t<\/div>\n\t\t","protected":false},"excerpt":{"rendered":"<p>HEILP\u00c4DAGOGIK Tumaini gGmbH bietet heilp\u00e4dagogische Leistungen fu\u0308r Kinder an, die noch nicht eingeschult sind. Der Tr\u00e4ger hat in den vergangenen Jahren gro\u00dfes Vertrauen in Familien und bei Frauen erworben, die behinderte Kinder oder Kinder haben, die von einer Behinderung bedroht sind. Daru\u0308ber hinaus verfu\u0308gt der Tr\u00e4ger u\u0308ber fachlich ausgebildete Mitarbeiter innen und Mitarbeiter, die im&hellip;<\/p>\n","protected":false},"author":1,"featured_media":0,"parent":6401,"menu_order":0,"comment_status":"closed","ping_status":"closed","template":"","meta":{"footnotes":""},"class_list":["post-13303","page","type-page","status-publish","hentry"],"_links":{"self":[{"href":"https:\/\/tumaini-ev.de\/index.php?rest_route=\/wp\/v2\/pages\/13303","targetHints":{"allow":["GET"]}}],"collection":[{"href":"https:\/\/tumaini-ev.de\/index.php?rest_route=\/wp\/v2\/pages"}],"about":[{"href":"https:\/\/tumaini-ev.de\/index.php?rest_route=\/wp\/v2\/types\/page"}],"author":[{"embeddable":true,"href":"https:\/\/tumaini-ev.de\/index.php?rest_route=\/wp\/v2\/users\/1"}],"replies":[{"embeddable":true,"href":"https:\/\/tumaini-ev.de\/index.php?rest_route=%2Fwp%2Fv2%2Fcomments&post=13303"}],"version-history":[{"count":22,"href":"https:\/\/tumaini-ev.de\/index.php?rest_route=\/wp\/v2\/pages\/13303\/revisions"}],"predecessor-version":[{"id":14216,"href":"https:\/\/tumaini-ev.de\/index.php?rest_route=\/wp\/v2\/pages\/13303\/revisions\/14216"}],"up":[{"embeddable":true,"href":"https:\/\/tumaini-ev.de\/index.php?rest_route=\/wp\/v2\/pages\/6401"}],"wp:attachment":[{"href":"https:\/\/tumaini-ev.de\/index.php?rest_route=%2Fwp%2Fv2%2Fmedia&parent=13303"}],"curies":[{"name":"wp","href":"https:\/\/api.w.org\/{rel}","templated":true}]}}

Heilpädagogik

<div data-elementor-type="wp-page" data-elementor-id="13303" class="elementor elementor-13303" data-elementor-post-type="page">
						<section class="elementor-section elementor-top-section elementor-element elementor-element-c682467 the7-e-sticky-overlap-yes elementor-section-boxed elementor-section-height-default elementor-section-height-default" data-id="c682467" data-element_type="section" data-e-type="section" data-settings="{&quot;sticky&quot;:&quot;top&quot;,&quot;animation&quot;:&quot;none&quot;,&quot;the7_sticky_row_overlap&quot;:&quot;yes&quot;,&quot;sticky_on&quot;:[&quot;desktop&quot;,&quot;tablet_extra&quot;,&quot;tablet&quot;,&quot;mobile&quot;],&quot;sticky_offset&quot;:0,&quot;sticky_effects_offset&quot;:0,&quot;sticky_anchor_link_offset&quot;:0}">
						<div class="elementor-container elementor-column-gap-default">
					<div class="elementor-column elementor-col-100 elementor-top-column elementor-element elementor-element-8d23617" data-id="8d23617" data-element_type="column" data-e-type="column">
			<div class="elementor-widget-wrap elementor-element-populated">
							</div>
		</div>
					</div>
		</section>
				<section class="elementor-section elementor-top-section elementor-element elementor-element-0c2e9f9 elementor-section-boxed elementor-section-height-default elementor-section-height-default" data-id="0c2e9f9" data-element_type="section" data-e-type="section">
						<div class="elementor-container elementor-column-gap-default">
					<div class="elementor-column elementor-col-100 elementor-top-column elementor-element elementor-element-4d24ead" data-id="4d24ead" data-element_type="column" data-e-type="column">
			<div class="elementor-widget-wrap elementor-element-populated">
						<div class="elementor-element elementor-element-138c9cb elementor-widget elementor-widget-heading" data-id="138c9cb" data-element_type="widget" data-e-type="widget" data-widget_type="heading.default">
				<div class="elementor-widget-container">
					<h2 class="elementor-heading-title elementor-size-xl">HEILPÄDAGOGIK</h2>				</div>
				</div>
				<div class="elementor-element elementor-element-5e5d789 elementor-widget elementor-widget-text-editor" data-id="5e5d789" data-element_type="widget" data-e-type="widget" data-widget_type="text-editor.default">
				<div class="elementor-widget-container">
									<p>Tumaini gGmbH bietet heilpädagogische Leistungen für Kinder an, die noch nicht eingeschult sind. Der Träger hat in den vergangenen Jahren großes Vertrauen in Familien und bei Frauen erworben, die behinderte Kinder oder Kinder haben, die von einer Behinderung bedroht sind. Darüber hinaus verfügt der Träger über fachlich ausgebildete Mitarbeiter innen und Mitarbeiter, die im Rahmen des vorhandenen Leistungsangebotes von Tumaini gGmbH zusätzliche Erfahrungen in diesem Umfeld gesammelt haben.</p><p><span style="color: #008000;"><strong>Ziele der Leistungen sind insbesondere</strong></span><br />• eine drohende oder bestehende Behinderung abzuwenden, zu beseitigen, zu vermindern oder ihre Verschlimmerung zu verhüten,<br />• die Folgen einer Behinderung zu beseitigen oder zu mildern.</p><p><span style="color: #008000;"><strong>Was ist unsere Leistung ?</strong></span><br />Im Rahmen einer stunden weisen heilpädagogischen Leistung, werden durch unsere qualifizierten Mitarbeiterinnen und Mitarbeiter die Kinder in Räumen von Tumaini gGmbH unterstützt.<br />Es werden regelmäßige Termine statt finden. Die Zeiten der heilpädagogischen Leistungen werden individuell mit den Familien abgestimmt und werden vor mittags und bei Bedarf auch am Nach mittag stattfinden.<br />Die heilpädagogische Förderung hat zum Inhalt, die Selbstständigkeit und Alltags kompetenzen der Kinder zu fördern. Hierzu zählen u.a. spezielle Maßnahmen der Sinnesschulung, Förderung der sozial emotionalen Fähigkeiten, Vorbereitung der Kinder auf die Aufnahme in eine Kindertageseinrichtung oder eine Schule, Anleitung der Bezugspersonen und Hilfe bei der Gestaltung des Alltags und Ver mittlung von weiteren Hilfs- und Beratungs angeboten.</p>								</div>
				</div>
				<div class="elementor-element elementor-element-3fbccb5 elementor-widget elementor-widget-spacer" data-id="3fbccb5" data-element_type="widget" data-e-type="widget" data-widget_type="spacer.default">
				<div class="elementor-widget-container">
							<div class="elementor-spacer">
			<div class="elementor-spacer-inner"></div>
		</div>
						</div>
				</div>
					</div>
		</div>
					</div>
		</section>
				<section class="elementor-section elementor-top-section elementor-element elementor-element-0de3e86 elementor-section-boxed elementor-section-height-default elementor-section-height-default" data-id="0de3e86" data-element_type="section" data-e-type="section">
						<div class="elementor-container elementor-column-gap-default">
					<div class="elementor-column elementor-col-100 elementor-top-column elementor-element elementor-element-9e7c644" data-id="9e7c644" data-element_type="column" data-e-type="column">
			<div class="elementor-widget-wrap elementor-element-populated">
						<div class="elementor-element elementor-element-94d1118 elementor-widget elementor-widget-spacer" data-id="94d1118" data-element_type="widget" data-e-type="widget" data-widget_type="spacer.default">
				<div class="elementor-widget-container">
							<div class="elementor-spacer">
			<div class="elementor-spacer-inner"></div>
		</div>
						</div>
				</div>
					</div>
		</div>
					</div>
		</section>
				<section class="elementor-section elementor-top-section elementor-element elementor-element-1ed70ef elementor-section-boxed elementor-section-height-default elementor-section-height-default" data-id="1ed70ef" data-element_type="section" data-e-type="section">
						<div class="elementor-container elementor-column-gap-default">
					<div class="elementor-column elementor-col-100 elementor-top-column elementor-element elementor-element-0f3c272" data-id="0f3c272" data-element_type="column" data-e-type="column">
			<div class="elementor-widget-wrap">
							</div>
		</div>
					</div>
		</section>
				</div>

<p>HEILPÄDAGOGIK Tumaini gGmbH bietet heilpädagogische Leistungen für Kinder an, die noch nicht eingeschult sind. Der Träger hat in den vergangenen Jahren großes Vertrauen in Familien und bei Frauen erworben, die behinderte Kinder oder Kinder haben, die von einer Behinderung bedroht sind. Darüber hinaus verfügt der Träger über fachlich ausgebildete Mitarbeiter innen und Mitarbeiter, die im&hellip;</p>
